List the prime factors of x.
2, 229
Let u be -2*(2 + -3) - -133. Suppose 0 = -14*f + 3604 + 1520. Suppose 0 = 3*q + g - f, -4*q + g - u = -630. List the prime factors of q.
3, 41
Let x = -84 + -231. What are the prime factors of (-10316)/(-9) - (-70)/x?
2, 3, 191
Suppose l + 20 = 5*l. Suppose 2*g - 1 = l. What are the prime factors of (-36)/(-54) + 481/g?
7, 23
Let n be 6/75*5*4085. Let s be (n/8)/(-1) + 45/(-60). What are the prime factors of (-3 + 2)/(5/s)?
41
Let o be (-9 + 3)*(-206)/4. Let q = o - 66. What are the prime factors of q?
3
Suppose -10 = 3*w - 19. Suppose 6*q - 58 = 5*q - w*p, -3*p - 34 = -q. Suppose -11 - q = -r. List the prime factors of r.
3, 19
Let x(f) = -f**2 + 5*f + 1141. Let s be x(0). Let t = s + -757. List the prime factors of t.
2, 3
Suppose 0 = -5*g + 13 + 12, -5*g = -5*k + 5435. Suppose 3*c = -b + 814, c - k = -5*b + 2964. What are the prime factors of b?
811
Let f(v) = -4*v**2 + v - 2. Let x be f(1). Let s be ((510/(-12))/x)/(1/34). Suppose 5*h + 74 = s. List the prime factors of h.
43
Let c(v) = v**3 - 13*v**2 + 12*v + 4. Let n be c(12). Suppose -4*a + 1089 = n*h - 799, h + 2*a - 474 = 0. List the prime factors of h.
2, 5, 47
Let g be (5/(-2) - -2)*-10. Suppose -g*w - 2*i + i = -13, 5*w - 5*i = 25. Suppose -w*n + 120 = -n + 4*t, 5*n = 2*t + 264. List the prime factors of n.
2, 3
Let c = -103 - -113. Let g = 13 - c. Suppose g*x + 156 = 2*y, 5*y + 223 - 575 = -2*x. What are the prime factors of y?
2, 3
Let y(b) = -19*b**2 + 3*b - 6. Let m be (-1)/(-6) + (-204)/(-72). Let d be y(m). Let j = 320 + d. List the prime factors of j.
2, 19
Let j be 2*3/(-6)*1 - -5. Suppose -j*c = -4*k + 3788, 0 = -k + c + c + 947. List the prime factors of k.
947
Let l = 0 + 6. Let h be (5 - l)/((-2)/10). Let j(o) = -o**3 + 6*o**2 + o. List the prime factors of j(h).
2, 3, 5
Let d = 142 + -140. Suppose 0 = 2*x - d, 2*x - 97 = -2*z + 101. List the prime factors of z.
2, 7
Let r(f) = 5204*f**2 - 109*f - 7. What are the prime factors of r(-2)?
3, 43, 163
Suppose 4*c = -14*c + 287700 - 41262. List the prime factors of c.
13691
Let d(f) = f**3 - 30*f**2 - 18*f + 349. List the prime factors of d(35).
2, 3, 487
Let t be 1/(-4) - ((-49)/(-28))/(-7). Suppose -4*p + 24 = 4*q, -p - 3*p + q + 19 = t. Let r(c) = 13*c + 10. What are the prime factors of r(p)?
3, 5
Suppose -75789 - 55021 - 63789 = -17*n. List the prime factors of n.
11447
Suppose -5*d - 98*w = -94*w - 425347, -d = 4*w - 85079. List the prime factors of d.
257, 331
Let u(c) = 1258*c - 1354. What are the prime factors of u(5)?
2, 617
Let b be (-2)/(-4)*2*21. Suppose 2906 = 5*q + 2*p, 2*q + 3*p - 7*p - 1196 = 0. Suppose -b*f = -17*f - q. List the prime factors of f.
2, 73
Let m(a) = 586*a + 4314. List the prime factors of m(12).
2, 3, 31, 61
Let q = 22475 + -14521. List the prime factors of q.
2, 41, 97
Let s(u) = 1746*u**2 + 433*u - 2994. List the prime factors of s(7).
11, 31, 251
Let m(k) = 8*k**3 - 5*k + 1. Let z = -391 + 393. List the prime factors of m(z).
5, 11
Suppose 2*l - q - 414 = -3*q, -10 = -5*q. Let k = -98 + l. Let g = k + -67. List the prime factors of g.
2, 5
Let f be (3/(-2) - -2)/(2/(-32)). Let c(g) = -g**3 - 13*g**2 + 16*g + 11. Let h be c(-14). What are the prime factors of (-8)/f - (-1 + h)?
19
Suppose 129*x + 115*x = 5755785 - 1148821. List the prime factors of x.
79, 239
Suppose 17*m + 3728 = 21*m. Suppose 2*j - 436 = -3*y + m, -y - 4*j + 456 = 0. List the prime factors of y.
2, 3, 19
Suppose -202900 + 511196 = 8*h - 301448. What are the prime factors of h?
2, 3, 12703
Let a = -13 + 36878. What are the prime factors of a?
5, 73, 101
Let q(z) = 9*z + 23. Let h be (-896)/(-80) + (-1)/5. Let w be q(h). Let t = 179 - w. List the prime factors of t.
3, 19
Let f(o) = 1418 - 735 + 4*o - 727 + 14*o**2. What are the prime factors of f(4)?
2, 7
Let k = 325 + -343. What are the prime factors of 142186/207 + (-2)/k?
3, 229
Suppose 44*b + 1167952 = 4352364. List the prime factors of b.
7, 211
Let x(g) = 15*g - 522. Let n(a) = -8*a + 261. Let d(q) = -7*n(q) - 4*x(q). What are the prime factors of d(38)?
109
Let o(c) = -c + 3. Let g be o(-4). Let h = 1 + g. List the prime factors of (-68)/10*(-80)/h.
2, 17
Let i(u) = 27*u + 30. Let l = -209 + 216. List the prime factors of i(l).
3, 73
Let w(g) = g + 1. Let h(n) = -6*n**2 - 4*n + 31. Let b(t) = -h(t) - 4*w(t). Let l be b(7). Let i = -144 + l. List the prime factors of i.
5, 23
Let w(d) = 205*d + 224. List the prime factors of w(36).
2, 1901
Let r = 1047 + -977. Let k be 2 + 0 + 3 + 1. Suppose k*f - 86 = r. What are the prime factors of f?
2, 13
Let u(i) be the first derivative of -4*i**2 - 17*i - 25. Let z be u(-3). Suppose z*g + g = 1568. What are the prime factors of g?
2, 7
Let b = 371 + -371. Suppose b = -11*c + 3*c + 3224. What are the prime factors of c?
13, 31
Let c be (-11158)/8 + (-11)/44. Let d = c - -2038. What are the prime factors of d?
643
Suppose -6*m = 9 - 27. Suppose -8 = 3*z + j + 13, 0 = -m*j. Let p(g) = -10*g + 12. List the prime factors of p(z).
2, 41
Let s = -141 - -18. Suppose -599 = 16*c + 25. Let p = c - s. List the prime factors of p.
2, 3, 7
Suppose 0 = -15*d - 19*d + 4*d. Suppose 4*l - 270 = -2*a + 420, 3*a + l - 1025 = d. What are the prime factors of a?
11, 31
Let x = -795 - -798. Suppose -3*p + 30 = -3*b, 35 = 5*p + x*b + 1. List the prime factors of p.
2
Suppose 22 = 18*m - 68. Suppose k + 3*q = 233, 10*q = -m*k + 5*q + 1165. List the prime factors of k.
233
Suppose -5*c = -5*a - c + 14, 5*a = -2*c + 8. Suppose 0*i - a*i + 14 = 0. Suppose 0 = -14*x + i*x + 602. What are the prime factors of x?
2, 43
Suppose 2*i - 5*j + 1028 = 5496, 2*j = -i + 2252. What are the prime factors of i?
2, 3, 11, 17
Let a = -170 - -169. List the prime factors of 0 - 0 - (a + 68)*-11.
11, 67
Suppose -6*b + 5*b = 8*b. Suppose 2*g = -4*u + 8, -4*u + b = -2*g - 8. Suppose g = -4*d + 9*d - 1160. What are the prime factors of d?
2, 29
Suppose -5*h + 415028 = -14*x + 1169351, 3*x + h = 161651. List the prime factors of x.
2, 29, 929
Let u = -2222 - -2201. Let z = -201 - -110. What are the prime factors of (z/u)/(1/12)?
2, 13
Let b = 1126 - 647. What are the prime factors of b?
479
Let o = 404 + -201. Let c = -102 + o. Suppose t + 16 = -2*f + c, 246 = 3*t - 3*f. What are the prime factors of t?
83
Suppose 17*s + 16*s = 16731. List the prime factors of 3 + (-2 - -3)*s.
2, 3, 5, 17
Let s = 124 - -89. Suppose s = 10*k - 10457. List the prime factors of k.
11, 97
Suppose 0 = -12*m + 5712 + 70704. What are the prime factors of m?
2, 199
Suppose -181*f = -188*f + 167566. List the prime factors of f.
2, 11969
Let m be -3*(-6)/(-72) - (-3)/(-4). What are the prime factors of (-3)/(-1) - m*(307 + 5)?
3, 5, 7
Let v(y) = 129*y**2 + 12*y + 161. List the prime factors of v(-10).
12941
Let q be 4/(-14) + 6420/28. Suppose -2*h - 10 = -14. Suppose -o + 88 = h*x, 3*o + 0*x - x - q = 0. List the prime factors of o.
2, 3, 13
Let v(o) = -o**3 - 16*o**2 - 43*o - 238. What are the prime factors of v(-27)?
2, 17, 263
List the prime factors of (-30)/6 + 2546*(-10)/(-4).
2, 3, 5, 53
Let l(g) = -598*g + 613. What are the prime factors of l(-7)?
4799
Let g(b) = 3*b**2 - 3*b - 29. Let o(k) = -5*k**2 + 5*k + 44. Let l(j) = 8*g(j) + 5*o(j). Let p be l(11). Let a = 197 + p. List the prime factors of a.
3, 5
Let z be 3/6*(-8)/(1*2). List the prime factors of z + 8 + 2212/28.
5, 17
Let d = 17 + -14. Suppose -2*x - 606 + 214 = -d*w, -5*x = -2*w + 265. Suppose -3*f + w = -155. What are the prime factors of f?
5, 19
Let b = 52856 - 30363. What are the prime factors of b?
83, 271
Let l(o) = -13*o**2 - 85*o - 17. Let j be l(-13). Let b = 2520 + j. List the prime factors of b.
17, 83
Suppose -5*b = 2*q - 938, -4*q - 13*b = -11*b - 1860. Let u = -313 + q. What are the prime factors of u?
151
Suppose -3*k + 4*v = 7, 19 - 3 = 4*v. Suppose 0 = -k*o + 7*o - 5*c - 3289, -2*o = -5*c - 1647. List the prime factors of o.
821
Suppose 3*v + 4*k + 134704 = 5*v, -1077392 = -16*v + 2*k. List the prime factors of v.
2, 19, 443
Suppose -5*n = -11 - 14. Let q be 114/(-76)*4/(-2). Suppose -n*g = 25, -6*l = -l - q*g - 900. What are the prime factors of l?
3, 59
Let d(g) = -44*g**3 + 2*g**2 - 3*g - 3. Suppose -3*s - 2*r - 2 = -7, -r + 3 = s. List the prime factors of d(s).
2, 23
Let 